+ 176. What is the units digit of 18/m + (-182)/z?
0
Let g(q) = q**2 + q - 4. Let l be g(0). Let n(m) = -m**2 - 4*m + 4. Let o be n(l). Suppose 0*r + o*r = 108. What is the tens digit of r?
2
What is the tens digit of ((-4)/2)/(-3 - 86/(-29))?
5
Let g = -119 - -76. Let b = g - -93. Suppose 4*w + 5 = z + b, 0 = 5*w - 4*z - 70. What is the tens digit of w?
1
Let g be 4 + (-6)/3 + -1. Suppose 2*w = 6*w - 96. What is the units digit of 44/w + g/6?
2
Let d be (-56 + 2)/((-21)/(-14)). Let n = d + 40. Suppose 387 - 63 = n*k. What is the tens digit of k?
8
What is the units digit of 4151 + 9/(27/24)?
9
Let f(s) = -s**2 - 14*s - 10. Let w be f(-13). Suppose 25 = 4*q - w*q + 3*p, 0 = 4*q - p - 48. What is the units digit of (q - 4)*(-60)/(-9)?
0
Let n be (-4)/6*(-2 + -10). Let w(u) = -u + 8. Let x be w(n). Suppose -50 = -y - x*y - 2*h, -12 = 4*h. What is the units digit of y?
6
What is the thousands digit of (-2)/(-5)*(-233890)/(-38)?
2
Let b = 113 - -261. What is the hundreds digit of b?
3
Let g be ((-412)/(-5))/(-4 - (-132)/30). Suppose -4*b - b = 2*p - g, -2*b - 2*p + 86 = 0. What is the tens digit of b?
4
Let d = -901 + 3782. What is the units digit of d?
1
Let h(x) = -x**3 + 6*x**2 + 17*x - 6. Let u be h(7). Let j = u + -42. What is the units digit of j?
2
Let n = 33 + -28. Suppose 5*a = -3*v + 187, -4*v + n*v + a - 59 = 0. What is the units digit of v?
4
Let p = 247 + 225. What is the hundreds digit of p?
4
Let c(m) = m**2 + 2*m. Let b be c(-2). Suppose b = -2*o + k + 38, 2*o - 36 = -3*k - 6. Suppose o - 3 = 5*n. What is the units digit of n?
3
Suppose -7*f + 8 = -3*f, 2*f - 1714 = -5*d. What is the units digit of d?
2
Let p = 6 - 6. Suppose -i - i = p. Suppose 0 = 2*f + 5*y - 41, i*f - f + y = -24. What is the units digit of f?
3
Suppose -15*j + 10*j + 3*a = -10313, -6182 = -3*j - 4*a. What is the thousands digit of j?
2
Let g = 36 - 37. What is the units digit of (-4)/g + -12 + 34?
6
Let m be (6 - ((-2 - -1) + 0))/1. Suppose m*t = t + 198. What is the tens digit of t?
3
Let g(y) = 8*y + 34. Let h(a) = 15*a + 68. Let w(f) = 5*g(f) - 2*h(f). What is the units digit of w(6)?
4
Suppose g - 4*g = -12. Suppose g*a + 2 = -18, -5*c + 185 = -4*a. What is the units digit of 864/c + (-4)/22?
6
Let o(v) = 1 - 7*v**3 + 4 + 8*v**3 + 4*v - 5*v**2. Let q be o(4). Suppose -4*s = -q*l - 32, -3*l = -4*s + 3 + 21. What is the units digit of s?
3
Suppose 0 = 39*r - 38101 - 26405. What is the hundreds digit of r?
6
Suppose 2*p + 6 = 314. Let t = -205 + 116. Let g = p + t. What is the units digit of g?
5
Let s = 13 - 13. What is the units digit of 48 + -1 - 2 - (s + 1)?
4
What is the hundreds digit of (-376)/42*-57*(-7)/(-2)?
7
Suppose 5*d = 4*g + 84, 0 = 2*g + 4*d + 16 - 0. Let b = 74 + g. What is the tens digit of b?
5
Suppose 0 = -l + 2*a + 9, -5*l + 3*a + 35 = -2*a. Suppose 2*w = 5*n + 128 - 35, 2*w + l*n = 123. What is the units digit of w?
4
Let i(l) = l**3 + 3*l**2 - 4*l - 3. Let x be i(-4). Suppose -h + 7 = -2*h + v, -3*v = -h - 13. What is the units digit of (x/12)/(h/272)?
7
Let a = 3 + 4. Suppose 6*d - 43 = -a. Suppose -11 = -s + d. What is the tens digit of s?
1
What is the tens digit of (1/(1/15))/(12/12)?
1
Suppose 3*q = 5*u - 74, 0*u + 54 = 3*u - 5*q. Suppose -u*i + 143 = j - 15*i, 3*j = -i + 464. What is the units digit of j?
3
Suppose -2*o = 4*m - 1712, 4*m + o = 5*m - 428. What is the hundreds digit of m?
4
Let x = 364 - -1187. What is the hundreds digit of x?
5
Suppose 3*v = 5*v - 66. Suppose -139 = -5*d + 3*g + 5, -d + 2*g + v = 0. What is the tens digit of d/(-2)*(-4)/3?
1
Let p(b) = -3*b**2 - 124*b + 84. What is the units digit of p(-41)?
5
Let n(r) = r - 2. Let l(g) = 4*g - 9. Let m(w) = -2*l(w) + 9*n(w). What is the units digit of m(10)?
0
Suppose 9 = 5*c + 24, 4*c + 5362 = 5*v. What is the hundreds digit of v?
0
Suppose 0 = 5*o - j - 18, 4*o - 3*j - 22 = -6*j. Let z(l) = 2*l**2 - 3 + 52*l - 53*l + 0. What is the units digit of z(o)?
5
Suppose 0 = -3*g + i - 2, 0 = 3*g - 7*g - 4*i + 8. What is the units digit of 200 - (3 + g + -3)?
0
Suppose -14*n - 93 = -17*n. Suppose q + k = -4*k + n, 0 = -2*k + 10. What is the units digit of q?
6
Let o = -95 - -332. Suppose 0 = -3*h + 2*c + o, 0*c + 3 = c. What is the tens digit of h?
8
Suppose 4*u = -3*u + 28. Suppose 37 = -u*m + 5*m. What is the units digit of m?
7
Let v(b) = b**3 + 7*b**2 - 11*b - 3. What is the tens digit of v(8)?
6
Let f(p) = p**2 - 7*p - 37. Let x be f(-15). Let q = x + -195. What is the tens digit of q?
9
Suppose 4*f + 4*r - 2008 = 0, -f + 493 = -0*f - 2*r. What is the units digit of f?
9
Suppose 4*p - 8 = -4*a, -4*p = -4 - 4. Let n = -6 - -8. Suppose 0 = 3*s - n*h - 39, a*h = 5*h. What is the tens digit of s?
1
Suppose 0 = f + 10 - 13. Let s(z) = 1 - 42*z**3 - 35*z**f + z - 1. What is the tens digit of s(-1)?
7
Suppose -2*v + 4*v + 4*s = 684, 16 = -4*s. What is the hundreds digit of v?
3
Let k = 2243 - 1198. What is the tens digit of k?
4
Let j(u) = u**2 + 12*u + 16. Let v be j(-11). Let r be 58/(0 + v + -3). Suppose 5*f + t = r - 4, -4*t = 2*f + 8. What is the units digit of f?
6
Let b be ((-2)/(-5))/((-1)/(-25)). Let m(z) = -5*z + 2. Let s be m(3). Let v = b - s. What is the tens digit of v?
2
Let m(u) = -u**3 + 11*u**2 - 24. Let c be (-1)/1*(-8 + -1). What is the hundreds digit of m(c)?
1
Let x be (0 + 0)*-1 + 4. Suppose 0 = 5*g + 3*s + 223, -x = 3*s - 4*s. Let o = g - -82. What is the units digit of o?
5
Let q = -2 - -6. Suppose -4*t + q = 6*m - 2*m, 0 = 5*t - 3*m + 3. Suppose t = j + 2*j - 111. What is the tens digit of j?
3
Let h be 8 + 9/(-3) - 3. Let m be (0 - 1)/(h/(-6)). Suppose -5*i + 81 = 4*u, -u - m*i = -8*i - 14. What is the units digit of u?
9
Let p(w) = w**2 + w + 1. Let c be p(-1). What is the hundreds digit of 211 + 1 + (-3 - c)?
2
Let g be -4 - ((-2)/(-4) - (-12699)/(-6)). Suppose 47 = 17*s - g. What is the hundreds digit of s?
1
Suppose -842 - 2508 = -5*t + 5*b, -2013 = -3*t + 4*b. What is the units digit of t?
7
What is the units digit of 16083/6 + 18/36?
1
Suppose 0 = c + o - 11, -3*o + 0 = -4*c + 9. What is the tens digit of (-2 - c/4)*-40?
4
Let k = -12 - -9. Let l be (-25 - -3)*(2 + k). Suppose -v = -0*v - l. What is the tens digit of v?
2
Let c = 22 + -19. Suppose 2*m - 3*j = 16 - c, -1 = -5*m - 3*j. Suppose -3*z + 6*q + 60 = 4*q, m*z + 2*q = 30. What is the units digit of z?
8
Let i(t) = 6*t**3 - t - 1. Let j be i(-1). Let x = j + 4. What is the units digit of (-2)/(x*(-1)/(-45))?
5
Let v = 5194 + -3277. What is the thousands digit of v?
1
Let o = 618 + -478. What is the units digit of o?
0
Let f(c) = 56*c**3 + 12*c - 13. What is the tens digit of f(1)?
5
What is the tens digit of (-4)/1 + (-29)/((-116)/8880)?
1
Suppose 3*q + 29*u - 8126 = 24*u, 5*q = -3*u + 13570. What is the thousands digit of q?
2
What is the thousands digit of -1*(-15860)/8 - 5/(-2)?
1
Let b(f) = -f**3 - 17*f**2 + f - 80. What is the thousands digit of b(-20)?
1
Let t be 22/6 + 4/(-6). Suppose -21*q - 630 = -26*q. Suppose -4*c + 3*p + q = 0, 4*c + t*p - 4*p = 122. What is the units digit of c?
0
Let k be -2*146/(-4) + (-3)/3. Suppose -3*c - 4 = -10. Suppose -c*n + k = -0*n. What is the tens digit of n?
3
Let c(k) = -2*k + 4. Let v be c(4). What is the units digit of (-31)/(-2)*v/(-1)?
2
Suppose -o = o + 68. Suppose 0 = 6*c + 28*c - 1938. Let d = c + o. What is the tens digit of d?
2
Let i be 10 + (-1)/(-1*4/(-12)). Suppose 4*z - 15 = -i. What is the units digit of z?
2
Let d(f) = -203*f**2 - f. Let u be d(-1). What is the hundreds digit of (u/3)/(26/(-39)) + 1?
1
Suppose 2009 = 5*p + 5*u - 2396, 4*u + 8 = 0. What is the hundreds digit of p?
8
Suppose 4555 = 5*o - 2*p, 0 = -2*o + 4*p + 1501 + 337. What is the hundreds digit of o?
9
Suppose 0 = 3*g - 3. Suppose -g = -b, 0*b = -m - b - 1. What is the units digit of (-808)/(-68) - m/17?
2
Let y = 847 - 822. What is the units digit of y?
5
Suppose 0 = -2*n + 2, -2*r + 0*n - 37 = -n. What is the tens digit of (-389)/(-3) - 6/r?
3
Let m(p) = 9*p**3 + 2*p**2 - 3*p - 9. Let d(i) = 13*i**3 + 3*i**2 - 4*i - 13. Let g(j) = -5*d(j) + 7*m(j). What is the hundreds digit of g(-4)?
1
Let l be ((-6)/2)/9*-12. Let r = 24 - l. What is the units digit of r?
0
Let a(u) = -79*u - 411. What is the hundreds digit of a(-26)?
6
Suppose o + 2*o = 3. What is t